2170 = -z, -4*k - 2*z + 2803 = 627. What is the highest common factor of 3620 and k?
181
Let t = -10 + 12. Suppose 0 = -t*v + 3*v - 5, 0 = -3*u - 5*v + 265. Let c = 1237 - 1232. What is the highest common divisor of c and u?
5
Suppose 21 = 4*z + 33. Let m be z/((-3)/(-4)) - (-312)/3. Let b = m + -58. What is the highest common factor of 28 and b?
14
Let t = 106 + -74. Suppose s = -3*s + t. Let v = 1214 - 1174. What is the highest common factor of s and v?
8
Let y(w) = -w + 6. Let d = -43 + 51. Suppose -89 + 1 = d*h. Let z be y(h). Calculate the highest common divisor of z and 153.
17
Suppose 21*d - 8*d - 104 = 0. Suppose 2*w - 4 = -d, -3*v = 3*w - 1218. Let h be v/20 + 10/(-25). Calculate the highest common divisor of 30 and h.
10
Let t be 5377 + -1 - ((4 - 0) + 7). Calculate the greatest common divisor of t and 29.
29
Let o(m) = -m**3 + 7*m**2 - 9*m - 17. Let y be o(5). Let r be 16 - (-5 - y - 9). Calculate the highest common factor of r and 24.
6
Let b = -8253 - -8438. Calculate the highest common divisor of 55500 and b.
185
Let g = 16992 - 14379. What is the highest common divisor of 78 and g?
39
Let c(n) = -24*n - 221. Let w be c(-10). Suppose 3*i - 3*m = 900, 4*m + 11 - 3 = 0. Let l = i + -165. What is the greatest common divisor of l and w?
19
Suppose -2 - 162 = -82*f + 82. Suppose -3*a + 19 = 4. Let k = a + -3. Calculate the highest common divisor of k and f.
1
Suppose -17*w + 112 = -2*w - 23. Suppose 4*v + 20 = -5*x, 4*x + 24 = -3*v - v. Let s be (-2)/8 + v/(-8). Calculate the highest common factor of s and w.
1
Suppose -53*o - 14*o + 48910 = 0. What is the highest common factor of 90 and o?
10
Let h = -2184 + 2265. What is the greatest common factor of 837 and h?
27
Suppose 0 + 4 = v + 3*u, -u + 12 = -v. Let q be -44*((7 - 0) + v). What is the greatest common divisor of q and 77?
11
Suppose 2070 = 6*a - 3*a + y, 3*y + 2760 = 4*a. Suppose 5*u + 527 = 4*w, 5*w - a = -5*u - 65. What is the highest common divisor of 1 and w?
1
Let i be -53 + ((-2 - -4) + -8)/(-2). Let g = 58 + i. Suppose 0 = 3*m - 22 - g. What is the greatest common divisor of m and 4?
2
Let n(r) = -r**2 - 7*r + 4. Let j be n(-7). Suppose 10 = j*d - 6. Let y be 6 - (d + -2 + -1). What is the greatest common divisor of 15 and y?
5
Let t(d) be the second derivative of 3*d**5 + d**3/3 + d. Let f be t(2). Suppose 10*l = 12*l - 4*r - 88, 0 = 3*r. What is the greatest common factor of f and l?
44
Let p be 3 + ((-6)/(-3))/(-2). Suppose -3*o = f - 4 + p, 20 = 3*f - 5*o. Suppose f*s = 67 + 73. What is the highest common factor of s and 70?
14
Let c be ((-95)/(-50) - 6/15)/(6/576). What is the greatest common divisor of 630 and c?
18
Suppose 2*a = 2*h - 268, 0*a + 3*a + 535 = 4*h. Let q = 12 - 3. Let v = 10 + q. Calculate the greatest common divisor of h and v.
19
Suppose -975 = 68*q + 7*q. Let g = 23 - -6. Let x = g + q. Calculate the highest common divisor of 24 and x.
8
Let q(x) = 56 - 904*x**2 - x + 907*x**2 - 16*x. Let k be q(-8). What is the greatest common factor of k and 12?
12
Let m(i) be the third derivative of -7*i**4/24 - 25*i**3/2 - 5*i**2. Let b be m(-15). What is the highest common divisor of 150 and b?
30
Let o = 4 + -3. Let r(t) = t**2 - 39*t + 48. Let i be r(22). Let d = -303 - i. What is the greatest common factor of d and o?
1
Suppose 21 = 18*b - 101 + 14. Calculate the greatest common divisor of 678 and b.
6
Let g = 7465 + -6667. What is the highest common divisor of 19 and g?
19
Let w(z) = -479*z + 170. Let u be w(0). What is the greatest common factor of 6885 and u?
85
Let m(s) be the second derivative of -9*s**3/2 + 83*s**2 - 2*s + 15. Let c be m(6). Calculate the greatest common factor of c and 62.
2
Let o(s) = -s**3 + 10*s**2 + 11*s + 48. Let y be o(11). Suppose -16*v = -19*v + 240. What is the highest common factor of v and y?
16
Suppose c = 3*b + 64, -4*b + 4*c + 18 = 98. Let t = -17 - b. Suppose -s = -0*s + 5*y - 10, -5*s + 30 = 5*y. What is the greatest common divisor of t and s?
5
Let t(s) = -2*s + 40. Suppose g - 2*g = 2*g. Let y be t(g). Suppose -z - 4*z + y = 0. Calculate the highest common divisor of z and 16.
8
Let o = -21 - -10. Let c be (11 + o)*(1 + -2). Suppose -7*v + 2*v + a + 33 = c, 0 = 5*v + a - 27. What is the greatest common factor of 42 and v?
6
Let t = -19844 + 19902. Calculate the greatest common divisor of 20561 and t.
29
Suppose -2517 = -8*i + 3561 + 194. Calculate the greatest common factor of 48 and i.
16
Suppose -29*y + 13859 = -20825. What is the greatest common factor of y and 52?
52
Let t(b) = 19*b**2 - 52*b - 360. Let g be t(-10). Calculate the highest common factor of g and 40.
20
Let v = -3913 + 4309. Calculate the greatest common factor of 24 and v.
12
Let y(r) = -5 + 2*r + 14*r**2 - 6*r**2 + 3*r + 15*r - 4*r. Let l be y(-5). Calculate the greatest common factor of l and 5.
5
Let v = -44909 - -44941. Let y(x) = 17*x - 3. Let s be y(3). Calculate the greatest common factor of v and s.
16
Suppose -1911 = -4*n + 3*u, 0 = -3*n - 18*u + 13*u + 1426. Calculate the highest common factor of n and 9.
9
Let u(w) = -2*w - 1. Let q be u(-2). Let x = 207483 - 207354. What is the highest common divisor of x and q?
3
Let m = 11399 + -11383. What is the highest common divisor of 2092 and m?
4
Suppose -2101*o + 2093*o + 10816 = 0. What is the highest common factor of o and 3224?
104
Let w(t) be the third derivative of 0*t - 7/24*t**4 + 0 - 1/2*t**3 - 1/60*t**5 - 4*t**2. Let v be w(-5). What is the greatest common divisor of v and 7?
7
Let j = 3471 + -3299. Calculate the greatest common divisor of j and 3182.
86
Suppose -4*y + 19 = -5*b - 33, -y = b - 4. Let o be (28/(-4))/(y/(-56)). What is the greatest common divisor of o and 294?
49
Suppose -5*i - 105 = -6*i. Suppose -2*y - 4*h - 9 = 7, 3*y + 2*h = -4. Suppose 0 = -y*t - 26 + 56. Calculate the highest common factor of t and i.
15
Let s be 246/(-21) + 8/(-28). Let y be (-2 + 3)*(-72)/s. Suppose p + y*q = 3*q + 18, 3*q = -2*p + 33. What is the greatest common divisor of 6 and p?
3
Suppose -2*m - 2*r + 5*r = 104, -5*r = m + 65. Let h = 57 + m. Calculate the greatest common divisor of h and 16.
2
Let r = -382 - -379. Let b(g) = g**3 + 4*g**2 - 6*g - 2. Let q be b(r). Calculate the highest common divisor of 5 and q.
5
Let x = -305 + 303. Let l be 950/17 - 4*x/68. What is the highest common divisor of 24 and l?
8
Suppose 0 = 7*v + 62 - 83. Let l be 38 - 5 - (0/v + 4). What is the greatest common divisor of l and 377?
29
Let z = -14437 + 14517. Calculate the highest common divisor of z and 1880.
40
Suppose 3*q - 3*d - 115 = -2*q, -4*q + 92 = 5*d. Suppose q*b - 21*b - 3*s = 72, 5*b - 180 = 3*s. What is the highest common divisor of b and 2?
2
Let g be (-1 + -63)*2/(-4). Let x(b) = b**3 + b**2 - b + 16. Let c = -50 + 50. Let f be x(c). What is the greatest common factor of g and f?
16
Let t(w) = w + 11. Let n be t(-9). Suppose 5*k + 105 = 5*u, u = -3*u - k + 94. Suppose n*v - 1 = u. Calculate the highest common divisor of 4 and v.
4
Let y = 173 + -168. Suppose -8*z + 3*z = y, 4*f - 5*z = 209. What is the greatest common factor of f and 3?
3
Let m be -3 + 5 - (-2 - 116). Let d(o) = -19*o - 1. Let x be d(-2). Suppose -x*v + 240 = -32*v. What is the greatest common factor of v and m?
24
Let h(l) = -213*l - 2118. Let m be h(-10). Let j(a) = 8*a**2 + a. Let g be j(4). What is the greatest common divisor of g and m?
12
Suppose 5*s - 2307 = -2*z, 2*z + s + 0*s - 2287 = 0. Let g = z + -645. Calculate the highest common factor of g and 31.
31
Let d = 504 - -1014. Let t = -5409 + 5475. What is the greatest common factor of d and t?
66
Suppose 5*r - 2905 = -s + 1179, 4*r + 5*s = 3284. What is the highest common factor of r and 969?
51
Let n(p) = p**3 + 7*p**2 + 4*p + 5. Let k = -21 + 15. Let s be n(k). Suppose -s + 16 = -w. What is the greatest common divisor of w and 4?
1
Let n(g) = -12*g**3 - 3*g**2 - 4*g. Let d be n(5). Let v be (d/(-58))/(14/4 - 3). Calculate the highest common factor of v and 22.
11
Let v(f) = -f + 10. Let s be v(7). Suppose s*k = -4*a + 58, -12 = -44*a + 43*a - 2*k. What is the greatest common divisor of 136 and a?
8
Suppose 150*z - 1140 = 130*z. What is the greatest common divisor of z and 1083?
57
Let b(t) = 46*t + 247. Let i be b(-5). Suppose 5*y - 4*h = 1936, -12*y + i*y + h